2, what is 1011100001011 - -101?
1011100010000
In base 11, what is -1 + -101392?
-101393
In base 6, what is -55051 + -1513?
-101004
In base 2, what is -1111111110110001 + 1101?
-1111111110100100
In base 3, what is -101221 + -2020220?
-2122211
In base 14, what is -407 + 721?
318
In base 16, what is 451 - 2e?
423
In base 4, what is -210223 + -110?
-210333
In base 11, what is 683 + 147?
81a
In base 14, what is -3d8 + 6?
-3d2
In base 14, what is a + 8046?
8052
In base 11, what is 1421a98 + -4?
1421a94
In base 11, what is -2392 - -15?
-2378
In base 14, what is 70dd + -3?
70da
In base 6, what is -4445 + 153?
-4252
In base 10, what is -97 + -1054?
-1151
In base 14, what is 0 - -1c28?
1c28
In base 16, what is -5364c + 4?
-53648
In base 4, what is -1011022132 + -22?
-1011022220
In base 4, what is -2 - 1010311321?
-1010311323
In base 8, what is -20561 + 145?
-20414
In base 15, what is 4 + 38171?
38175
In base 4, what is -3 - -1032212?
1032203
In base 3, what is -2 - -210100120?
210100111
In base 4, what is -12323 - -3002112?
2323123
In base 16, what is -4 - -1e1f?
1e1b
In base 11, what is -156a593 + 2?
-156a591
In base 10, what is 26 - -8497?
8523
In base 13, what is 507 - 207?
300
In base 7, what is -21152 - -105?
-21044
In base 14, what is 294 - 5?
28d
In base 6, what is -4224441 - -2?
-4224435
In base 8, what is -156 - -214040?
213662
In base 4, what is 23000120 + 11?
23000131
In base 7, what is 22066 - 246?
21520
In base 2, what is 0 - 10001110111000?
-10001110111000
In base 5, what is 34113 + -33124?
434
In base 6, what is -1444 - -4351?
2503
In base 9, what is 1011436 - 7?
1011428
In base 15, what is 196641 - -1?
196642
In base 15, what is 37d + e11?
128e
In base 16, what is -12 - -1369?
1357
In base 9, what is 21021 - -878?
22010
In base 2, what is 0 - 1000000000001?
-1000000000001
In base 12, what is 77 - 1606?
-154b
In base 9, what is -3 - 27503?
-27506
In base 9, what is 1805020 + -5?
1805014
In base 16, what is -6e1 + 232?
-4af
In base 4, what is -1 + 2120232121?
2120232120
In base 14, what is -3 + c1a81?
c1a7c
In base 2, what is -10100 + -1110110010110010?
-1110110011000110
In base 6, what is -3 + -44414?
-44421
In base 11, what is 36a - 94?
286
In base 16, what is -3 + 1b33be?
1b33bb
In base 4, what is 1103220 - 1031?
1102123
In base 16, what is -4 + 2561?
255d
In base 3, what is -1200212122222 - -11?
-1200212122211
In base 5, what is 13 + -142314123?
-142314110
In base 10, what is 31520 + -1?
31519
In base 2, what is -10100001010110 + 11010?
-10100000111100
In base 9, what is 63 + 8825?
8888
In base 16, what is 3c - 15fc?
-15c0
In base 12, what is -658 + -31?
-689
In base 12, what is -10aa - -834?
-476
In base 15, what is -3 - b42?
-b45
In base 11, what is -97 - 35a?
-446
In base 6, what is -12225553 + 1?
-12225552
In base 9, what is -60 + 5248?
5178
In base 6, what is -115013 - 20?
-115033
In base 13, what is 240c + b?
241a
In base 2, what is -101111001111 + 10110101?
-101100011010
In base 5, what is 104 - -342421?
343030
In base 11, what is 4 - -2643?
2647
In base 8, what is -51464775 + 4?
-51464771
In base 11, what is -403a5 - -3?
-403a2
In base 8, what is -16 + -4557?
-4575
In base 13, what is -1 - 4ca5?
-4ca6
In base 8, what is 451 + 31037?
31510
In base 11, what is 382 + -7a9?
-427
In base 5, what is 123133 - 121?
123012
In base 14, what is 31d + 458?
777
In base 7, what is 164211 + -1?
164210
In base 8, what is -16727 + -7?
-16736
In base 3, what is -120120 + -22001?
-212121
In base 13, what is -b22 - 147?
-c69
In base 2, what is -10110000010111111 - -100?
-10110000010111011
In base 12, what is -219 + -a?
-227
In base 2, what is 1001 - 10010100100011010?
-10010100100010001
In base 10, what is -49122 + 5?
-49117
In base 4, what is -321 - -2303101?
2302120
In base 2, what is -100 - -100001110010000010?
100001110001111110
In base 6, what is 11213334 + 14?
11213352
In base 5, what is -1002131 - -403?
-1001223
In base 12, what is -202 - 3166?
-3368
In base 4, what is 113112122 + 13?
113112201
In base 11, what is -76 + 27345?
2727a
In base 4, what is 310022 + -10?
310012
In base 5, what is 1002414 - 30?
1002334
In base 10, what is -5 + -157813?
-157818
In base 5, what is 200 + -30232?
-30032
In base 8, what is 27665 + 35?
27722
In base 14, what is -1713 - -98?
-1659
In base 2, what is -11 - 101101100111001110?
-101101100111010001
In base 7, what is -116541 - 4?
-116545
In base 5, what is 1130 - -4311?
10441
In base 2, what is -1110100101010110 - -11100?
-1110100100111010
In base 12, what is -29 + -200a?
-2037
In base 8, what is 20142 - -12?
20154
In base 16, what is -1d4b - -28?
-1d23
In base 6, what is -5524 - -1201?
-4323
In base 2, what is 1100000001000001001 + -1?
1100000001000001000
In base 9, what is 574 - 245?
328
In base 16, what is 2 + -12dc4?
-12dc2
In base 8, what is -5 - -144416?
144411
In base 2, what is 1100100010101001 - 100?
1100100010100101
In base 5, what is 23121 + -21?
23100
In base 12, what is 5 + -20572?
-20569
In base 12, what is 460a72 - -5?
460a77
In base 12, what is -205 - -39a?
195
In base 15, what is -1 + -becad?
-becae
In base 15, what is -556b - -5?
-5566
In base 16, what is -15b72 + 4?
-15b6e
In base 6, what is 1 + -511010?
-511005
In base 15, what is 3 - -4d59?
4d5c
In base 11, what is 3 + 98474?
98477
In base 11, what is -10280 + 3?
-10278
In base 6, what is -14 + 500432?
500414
In base 5, what is -103044 + -421?
-104020
In base 12, what is 4a55 - 72?
49a3
In base 7, what is 11340066 + 5?
11340104
In base 6, what is -1424 + 10520?
5052
In base 15, what is 7906 + -e?
78e7
In base 12, what is -24734 + 1b?
-24715
In base 3, what is 1002101 - 1111?
1000220
In base 13, what is 6 - c25a?
-c254
In base 4, what is 10 + -2223003?
-2222333
In base 10, what is -191 - -116?
-75
In base 9, what is 121203 + -3?
121200
In base 10, what is 3 - 5924?
-5921
In base 16, what is -f0 + -621?
-711
In base 12, what is 1b33183 + 5?
1b33188
In base 5, what is -423 + 131?
-242
In base 8, what is 162225 - -3?
162230
In base 8, what is -1 - 242355?
-242356
In base 12, what is -2 + 614135?
614133
In base 10, what is -334 + -62?
-396
In base 3, what is 12101022 - 22?
12101000
In base 15, what is -2d8 - 128?
-411
In base 15, what is 18 + -c7c8?
-c7b0
In base 11, what is -180 - -3a?
-141
In base 6, what is -10 - 2400002?
-2400012
In base 9, what is 65 + -31465?
-31400
In base 15, what is -11826 - 7?
-1182d
In base 6, what is -4455 - 4503?
-13402
In base 4, what is 2311 - -3211?
12122
In base 8, what is 231051 - 0?
231051
In base 15, what is -479c1 - -5?
-479bb
In base 10, what is 1576 + -46?
1530
In base 16, what is -18f + 703?
574
In base 15, what is -102575 - 2?
-102577
In base 14, what is -1 + -8a6b4?
-8a6b5
In base 2, what is -100111100 - -1010100101?
101101001
In base 8, what is 1 + -121230?
-121227
In base 14, what is -5 + -349d9?
-34a00
In base 6, what is -51 + 304?
213
In base 10, what is -1357170 + -5?
-1357175
In base 9, what is -15283 - -47?
-15235
In base 14, what is 28 + -1cc7?
-1c9d
In base 14, what is -1981 - -d2?
-188d
In base 3, what is -2102 - 2102021?
-2111200
In base 3, what is -2002 - 22102?
-101111
In base 7, what is 160 + -1132?
-642
In base 8, what is -17052356 - 0?
-17052356
In base 13, what is -90003 - -5?
-8cccb
In base 7, what is -2 - -5103250?
5103245
In base 7, what is 14 + 144115?
144132
In base 3, what is 10100 + -10220000?
-10202200
In base 14, what is 4b - 677?
-62a
In base 15, what is a3c - 22?
a1a
In base 10, what is 50 + 1595?
1645
In base 7, what is 4 - 121241?
-121234
In base 6, what is 0 + -142134?
-142134
In base 16, what is 8b - -555b?
55e6
In base 11, what is -1609 - -220?
-1399
In base 8, what is 11575 - -160?
11755
In base 2, what is -100100 - 11100110?
-100001010
In base 3, what is -200 - -2011121121?
2011120221
In base 4, what is -100 - -11321?
11221
In base 11, what is -8067 + 82?
-7a95
In base 6, what is 3434235 + 5?
3434244
In base 10, what is -202 + -134?
-336
In base 5, what is 1213023 - -22?
1213100
In base 5, what is 14 - 23300?
-23231
In base 5, what is 0 - -1344241?
1344241
In base 2, what is 11 - -100011111101011?
100011111101110
In base 12, what is -840 + -3?
-843
In base 12, what is 1b250 - -2?
1b252
In base 15, what is 19 - 26?
-c
In base 10, what is 1 + 28245?
28246
In bas